 - 318. Suppose -2760 - 405 = 3*v. Let p = b - v. Is p composite?
False
Let z(v) = -4*v - 14. Let m be z(-4). Suppose 0 = q + 3*r - 2800, -3*q - 11130 = -7*q + m*r. Is q composite?
True
Let a = 61 - 26. Is (-2)/(-10) + 139468/a a composite number?
True
Let t(k) be the first derivative of 2*k**3/3 - 2*k - 2. Let f be t(-2). Suppose u + 570 = f*u - 5*b, 426 = 4*u + 2*b. Is u a prime number?
True
Suppose 2*t - 2834 = 4*q, -4*q + 3*t - 976 = 1861. Suppose -4*d = -5*w + 5030, 2*w - 2014 = -0*w + 2*d. Let c = w + q. Is c a prime number?
False
Let i(q) = -3*q - 7. Let a be i(-14). Suppose -327 = -36*f + a*f. Is f a composite number?
True
Is (-5)/(-15)*(10496 + (-5 - -6)) a composite number?
False
Let h be 10/5 - (1 + -2). Suppose -2*z = -i - 11, -i + 10 = -h*i. Is z composite?
False
Let a(b) = b - 5. Let g be a(9). Let d(q) = -2*q**3 + 3*q**2 + 3*q + 3. Let h be d(g). Is h/(-2) - (-30)/(-20) a prime number?
True
Let o(c) = 62*c**2 + 34*c + 9. Is o(-17) composite?
True
Let g(d) be the first derivative of d**3/3 + d**2/2 + 6*d + 4. Let l be g(0). Is 11/(-66) + 403/l a composite number?
False
Let s(g) = g**3 + 5*g**2 + 4*g + 1. Let b be s(-4). Is (16445 - b)*(-15)/(-60) composite?
False
Let d be (-1)/((-18)/4 - -4). Let l(w) = -2*w + 211 + d*w - w. Is l(0) a prime number?
True
Let p be (7 - 8)*0/3. Suppose 15 = 5*y, p = -0*s + s - 2*y - 136. Is s prime?
False
Suppose -5*p + 0*p + 3*s = -5569, 0 = -4*p + s + 4458. Is p a prime number?
False
Let g be ((-95)/20)/((-3)/36). Suppose 3*v + v - 2*i - 58 = 0, 4*v = 3*i + g. Suppose t + 2*c = v, 4*t - 2*c - 45 - 5 = 0. Is t a composite number?
False
Let o(m) be the third derivative of 101*m**5/30 + m**4/24 + 2*m**3/3 - 3*m**2. Let b be o(-2). Let g = b - 263. Is g a prime number?
True
Let r(w) = 10*w**2 - 15*w - 6. Is r(15) a prime number?
False
Let d = 101 - 98. Suppose 0 = d*h - 8183 - 18886. Is h prime?
False
Is 284283/(-18)*1/((-15)/10) prime?
True
Is -12813*((-4)/18)/(2/3) a composite number?
False
Let b(l) = 49*l**3 + 3*l**2 - 50*l**3 - 16*l**2. Let j be b(-13). Suppose 31 = a + 2*y, 4*y + 15 - 3 = j. Is a composite?
False
Let f = -8 - -41. Let b be f/(-9) + (-5)/15. Is 160 + -3 + b/(-4) prime?
False
Let v = 1175 + -2262. Is 1/4 - 1/4 - v composite?
False
Let k = 11 - 8. Let y(d) = 178*d + 23. Is y(k) prime?
True
Suppose 34743 = 12*w - 1749. Is w composite?
False
Let b = 941 + 2108. Is b a composite number?
False
Let b(n) = 12*n**2 - 9*n + 26. Is b(-7) a prime number?
True
Suppose j - 4 = m - 2*j, -5*m + 2*j = -6. Is (m/(-1))/((-3)/((-2286)/(-4))) prime?
False
Let n(g) = -83*g - 22. Let f(c) = -c**3 - 5*c**2 + 2*c + 5. Let h be f(-5). Is n(h) a composite number?
True
Let j = -4693 - -8930. Is j prime?
False
Let g = 28 + -25. Suppose g*q - 1049 = -2*q - 2*p, 0 = -4*q - 3*p + 835. Is q a prime number?
True
Let q(y) = 21*y**2 + 9*y + 7. Let l be q(-3). Let p = 88 + l. Is p prime?
True
Let t = -22 - -23. Let p = 14 - t. Suppose 2*l + p - 547 = 0. Is l a composite number?
True
Suppose -3*i + 1 = c - 18, 3*i - 4*c - 29 = 0. Suppose -6*n - 149 = -i*n. Is n composite?
False
Suppose 8*i - 1365 = 2915. Is i composite?
True
Let s(v) = -10*v + 3. Let j(u) = 2*u**3 - 2*u**2 - u - 1. Let k be j(2). Suppose -10*x + k = -11*x. Is s(x) a prime number?
True
Is (6/((-180)/(-5802)))/((-4)/(-20)) a prime number?
True
Suppose 6*q - 262 = 8*q. Let t(s) = 21*s**2 - 5*s - 4. Let d be t(-3). Let u = q + d. Is u a prime number?
False
Suppose -4*y - l = -71607, 0 = 5*y - 3*l + l - 89525. Is y composite?
False
Suppose -d - 2*k - 25308 = -3*d, 3*d + 2*k = 37987. Is d a composite number?
False
Let y(h) = 56*h + 3 - h**3 + 9*h**2 - 48*h + 2. Let u = -16 - -23. Is y(u) a composite number?
True
Let c be 16/(-6) - 2/(-3). Let l(m) = -51*m - 3. Let g be l(c). Suppose -p + g = 2*d - d, -2*p = -d - 186. Is p a composite number?
True
Suppose 3*i - 24 = -3*w, 0 = 2*w - 3*i - 18 - 18. Let c be (3/w)/((-1)/(-52)). Suppose -c = -x + 20. Is x a composite number?
True
Let m = 5197 + -2181. Suppose 0 = -5*n + 5*k + 9555, 3*n - k - m = 2713. Is n composite?
True
Let i(b) = 4*b**2 - 2*b + 3. Let k(z) = -2*z**2 - z + 3. Let h be k(-3). Let g be (-1)/(h/14 - -1). Is i(g) composite?
True
Suppose -2*x = x - 12. Suppose 3828 = 4*y + x*p, 3*p - 1731 = -2*y + 187. Is y composite?
False
Let w = -9150 - -55683. Is w prime?
False
Let f be (-6)/(-9) - (-399)/9. Let q be (12/(-30))/(3/f). Is (-603)/q*(-4)/(-6) a prime number?
True
Let y(u) be the third derivative of 4*u**7/315 - u**6/360 - u**5/120 + u**4/6 + 7*u**2. Let p(s) be the second derivative of y(s). Is p(-3) composite?
False
Let s(r) = 5*r**2 + r - 4*r**2 + r**2. Let f be s(1). Suppose -f*a + 0*a = -561. Is a prime?
False
Let o(k) = -1 - 26*k**3 + k**2 - 3*k**2 - k + 64*k**3 + 0*k**2. Is o(4) prime?
False
Suppose 0 = -2*n - 4*n. Suppose n = 3*g - 4*u + 592, -g = -2*g - u - 188. Let x = 337 + g. Is x a composite number?
True
Is (-2)/24 - 40113367/(-516) a composite number?
True
Let j = 1279 + -2254. Let y = -328 - j. Is y composite?
False
Let a be 1 - 7/((-14)/1020). Suppose -a = -3*j + 1544. Is j a prime number?
False
Let y be 10 + (0 - 3) + 4. Let g(w) = w**3 - 8*w**2 - 5*w - 5. Is g(y) prime?
False
Let u = 76 + -73. Let s(b) = 64*b**3 - 2*b**2 - 2*b + 5. Is s(u) a composite number?
False
Suppose -4*m = 4*u, -2 - 22 = -4*m + 2*u. Let y be 3 + -1*m/(-4). Suppose 0 = -7*b + y*b + 273. Is b composite?
True
Suppose 0 = 5*c + 2*x - 26099, -4331 = -2*c + 2*x + 6103. Is c a composite number?
True
Suppose 0*j + 2*j = -330. Let c(y) = -20*y - 4. Let x be c(-3). Let i = x - j. Is i a prime number?
False
Let n = 5729 - 1936. Is n prime?
True
Suppose -w - 3*w + u = -20, w = u + 8. Let j(m) = 174*m - 5. Is j(w) a composite number?
False
Let s be -5*-4*9/(-12)*-9923. Is (s/12)/5 + (-3)/(-12) composite?
True
Let d(f) = -26*f. Let c be d(-2). Let s = c - 3. Suppose -2 = m, m = -q - 5 + s. Is q a composite number?
True
Is (-30)/(-285) + 843161/19 + 4 prime?
True
Let j(q) = -2*q**3 - 24*q**2 - q - 6. Let m be j(-12). Suppose 1682 = m*t - 4*t. Is t a prime number?
False
Let h be 2/5 - (-218)/5. Let n be ((-2)/6*0)/(16/8). Suppose n = 2*g - h - 218. Is g a prime number?
True
Let o = -211395 - -296369. Is o prime?
False
Let k(g) = 5*g + 142. Let l be k(-29). Let w(p) = -7*p**2 + 8*p + 4. Let a(u) = -14*u**2 + 17*u + 9. Let n(j) = 2*a(j) - 5*w(j). Is n(l) prime?
True
Let w be 56/(-70)*10/(-4). Suppose 15 = 3*r, 2*v + 7*r = w*r + 29. Is (-1)/v - (-3942)/36 a composite number?
False
Let u be ((-6)/(-4))/(4/8). Suppose 0 = 2*p - 2*f + 10, -u*p + 7*p - 2*f = -10. Suppose p = 5*x - 838 + 93. Is x composite?
False
Let h(y) be the first derivative of -y**3/3 - 17*y**2/2 - 21*y + 6. Let x be h(-16). Let k(u) = -151*u - 4. Is k(x) a prime number?
True
Suppose -2*r = -23 + 17. Suppose -506 = 3*i - 2561. Suppose 0 = l + 2*o - i, r*o = 3*l - 897 - 1158. Is l a prime number?
False
Suppose -15 = -3*y + 2*y + s, -55 = -4*y - s. Let q be 2/y - (-524)/7. Suppose 65 + q = 4*h. Is h prime?
False
Let o(b) = 2*b**3 + 25*b**2 - b + 29. Let y(l) = l**3 + 24*l**2 - l + 29. Let f(t) = -2*o(t) + 3*y(t). Is f(21) a composite number?
False
Suppose 0 = -2*x - 5*y + 200, -2*x + 0*y + 182 = -4*y. Suppose n - 8 = x. Is n a prime number?
True
Suppose 2*n + 2*w + w + 816 = 0, -1588 = 4*n - 5*w. Let l = n - -638. Suppose -z + 630 = l. Is z prime?
False
Let b(h) = h**3 + 10*h**2 + 7*h - 13. Let o be b(-9). Let g(k) = 38*k**2 + k + 12. Is g(o) composite?
False
Let r(m) be the third derivative of m**5/10 - 3*m**4/8 - 7*m**3/6 - 13*m**2. Let j = -14 + 8. Is r(j) prime?
True
Let z(l) = 4122*l - 16. Is z(1) a composite number?
True
Let c(l) = l**3 + 5*l**2 + 6*l + 6. Let z be c(-4). Let q(w) = w**3 - 26*w**2 - 72*w - 120. Let x be q(29). Is (x/12 + z)*4 a composite number?
False
Let i(l) = -32*l - 11. Let f(o) = 129*o + 44. Let h(v) = -2*f(v) - 9*i(v). Is h(8) a composite number?
False
Suppose -8*y = -5*y - 1350. Suppose -4*o - 3*p - p = -600, 3*p = 3*o - y. Suppose -3*v + 2097 = -o. Is v a composite number?
True
Let a = 3601 + -2459. Suppose -1682 = -8*h + a. Is h a prime number?
True
Let t = 5 + -3. Suppose -2*h - 5 = 3*x, -t*h - x - 4*x = 7. Is h*251*(-2 + 1) composite?
False
Is 4/(-5) - (33477/(-15) + 0) a composite number?
True
Suppose -2*d + 4*d = 4. Supp